tors of ((-3)/4)/(1/(13 - 1425)).
3, 353
Let y = -9704 + 22239. List the prime factors of y.
5, 23, 109
Suppose 4*j - 2303 - 2141 = 0. Suppose -4*g = 4*i - 1148, g + 254 - j = -3*i. List the prime factors of i.
3, 5, 19
Let m = -107 - -386. Let a(f) = f**2 + 8*f - 14. Let v be a(-19). Let t = m - v. List the prime factors of t.
2, 3, 7
Suppose 0 = 2*f - 1 - 17. List the prime factors of ((-3753)/(-2))/f + (-4)/(-8).
11, 19
Suppose -25 = -7*j + 227. Suppose 2*t - j = -5*o + 341, 3*o = -4*t + 775. List the prime factors of t.
2, 7
Suppose -u = 2*v - 4953, -3*v + 2*u + 5096 = -2337. Suppose -2*r + v - 43 = 0. List the prime factors of r.
1217
Let t be (1/(10/(-24)))/((-26)/(-130)). Let z be (3 - 172/t)*(2 + 1). Suppose 0 = 4*u - z - 36. What are the prime factors of u?
2, 11
Suppose 62*v - 92 = 61*v. Let l be (-1)/(-3) - 1780/(-15). Suppose 4*o - 56 = -4*m + v, -3*m + l = o. List the prime factors of m.
41
Suppose -46*h + 94161 + 273195 = 0. List the prime factors of h.
2, 3, 11
Suppose 0 = 23*f - 10*f - 52. Suppose -5*p + 2205 = 5*y, -y + f*p = -0*p - 436. List the prime factors of y.
2, 5, 11
Let c(a) = -a**2 + 64*a - 390. Let l be c(34). What are the prime factors of (l/(-140))/((-1)/454)?
3, 227
Let b be ((-1)/(-1))/(42/18 - 2). Suppose -b + 11 = -4*i. What are the prime factors of ((-2 - 0)/i)/(2/26)?
13
Let j(x) = -6581*x + 1960. List the prime factors of j(-8).
2, 3413
Let y(o) = -897*o**3 - 2*o**2 - 5*o - 4. What are the prime factors of y(-2)?
2, 17, 211
Let f be 190/57 - 2/(-3). Suppose f*y - 2236 = -3*g + 6*y, 2*y = 4*g - 2982. What are the prime factors of g?
2, 373
Let z = 392 - 73. Let f = 1117 + z. What are the prime factors of f?
2, 359
Let h be 1/((11/(-44))/((-10)/8)). Suppose 10*p - 15*p + 5 = 0. List the prime factors of 85*p - (-5 + h).
5, 17
Let o(t) = 615*t**2 + 12*t - 19. List the prime factors of o(4).
71, 139
Let c be 6 - 3/((-9)/(-3)). Suppose 4*w - 1714 = -3*u, -c*w - u = -8*w + 1292. What are the prime factors of w?
2, 5, 43
Let g(n) = 3*n**2 + 3*n - 54. What are the prime factors of g(-10)?
2, 3
Suppose -27 = -3*g - 3*y, -3*g = -5*g - 3*y + 23. Suppose 2*k = -3*z + g*k + 236, -4*k = -2*z + 168. Suppose 5*i - z = -11. List the prime factors of i.
13
Let p = 126 + -49. Let d = 93 - p. Suppose 0 = 2*n - d - 40. What are the prime factors of n?
2, 7
Suppose -2*u = 3*g - 46507, 4*u - 3*g - 66901 = 26122. List the prime factors of u.
5, 4651
Suppose 110188 = 41*y + 143 - 202375. List the prime factors of y.
2, 3, 5, 127
Let g(a) = -748*a**3 - a**2 + 20*a + 3. List the prime factors of g(-3).
2, 3, 5, 11, 61
Suppose -200*y = -357445 - 2347755. List the prime factors of y.
2, 6763
Let j be -382 - 1/(4/(-16)). Let t = -123 - j. What are the prime factors of t + ((-6)/(-4))/((-7)/(-14))?
2, 3, 43
Let n = -106 - -108. Suppose -n*h - 45 = 3*g, 3*h = -12*g + 7*g - 74. Let q = g - -23. List the prime factors of q.
2, 5
Let h(f) = -f**3 - 15*f**2 - 60*f - 15. Let z be h(-7). Suppose -12*o + z*o - 5*k - 1057 = 0, -20 = 4*k. What are the prime factors of o?
2, 3, 43
Suppose 134*k + 388605 = 151*k + 77794. What are the prime factors of k?
47, 389
Let s be 1/(((-5)/(-10))/(2 - 3)). Suppose -a + 8*a - 112 = 0. List the prime factors of s/(-8) + 604/a.
2, 19
Suppose -41*l - 28*l - 107280 = -81*l. What are the prime factors of l?
2, 3, 5, 149
Suppose -r = -2*c - 2*r - 52, r + 26 = -c. Let d = c - -28. List the prime factors of (-1 - 2) + d + 375/5.
2, 37
Suppose 5*s - 3*c - 28780 = 0, 2*s + 5*c = 7*c + 11512. What are the prime factors of s?
2, 1439
Suppose 0 = -5*g - 3*w - 304 + 8222, 0 = 4*g + 4*w - 6328. What are the prime factors of g?
2, 13, 61
Let c be ((9 - 4) + 106/(-6))*3. Let b = c + 750. List the prime factors of b.
2, 89
Let i(k) be the second derivative of -k**4/3 - 29*k**3/6 - 9*k**2/2 + 8*k. Let p be i(-7). List the prime factors of 222/12 + 3 - p/4.
2, 11
Suppose -g + 7359 = -16047 - 3910. What are the prime factors of g?
2, 6829
Let x(s) = -6*s**3 - s**2 - 8*s + 11. Let w(r) = -5*r**3 + 5*r**2 - 4*r - 1. Let u be w(1). What are the prime factors of x(u)?
2, 97
Suppose 0 = -d - 2, -5*g - 2*d - 46256 = -120732. List the prime factors of g.
2, 7, 19
Let s = 113 + -102. Suppose -2*i + s*i = 3465. List the prime factors of i.
5, 7, 11
Suppose -5 = y - 2. Let m be (-1)/1 + (-3 - y). Let s(k) = -57*k - 1. What are the prime factors of s(m)?
2, 7
Let z = 30 + -22. Let f(a) = a**2 - 10*a + 18. Let r be f(z). Suppose 665 = r*l + 3*l. List the prime factors of l.
7, 19
Suppose 3*b = 6*b + w + 4, -w - 4 = -b. Suppose 5*s = 5*u + 7*s - 43, b = 4*u - 4*s - 40. Let h = 17 - u. What are the prime factors of h?
2
Suppose -139*v + 2956 = 15466. Suppose 4 - 20 = q + 2*b, 4*q - 5*b - 1 = 0. Let h = q - v. List the prime factors of h.
2, 3, 7
Let j be 11/11 + 1336/2. Suppose 3*y = -0*y + j. What are the prime factors of y?
223
Let x = -79 - -81. What are the prime factors of x/(-7) + 49599/63?
787
Let h be (-3 + (-8)/2)*1. What are the prime factors of 0/(-2) + (1 + h - -112)?
2, 53
Suppose -6*a + 2289 = -1329. Suppose 5*p + v = a + 625, 3 = v. List the prime factors of p.
5, 7
Suppose -4*c - 6*z + 7*z = 19, 15 = -3*z. List the prime factors of (52/c)/(-2)*57.
13, 19
Let a(q) = -q**3 + 28*q**2 - 33*q + 83. What are the prime factors of a(19)?
5, 541
Suppose u - 5*x = -13, 9*u - 17 = 5*u - 3*x. Suppose 5*o - 60 = u*o. What are the prime factors of o?
2, 5
Suppose -5*q = -25459 - 29921. What are the prime factors of q?
2, 3, 13, 71
Suppose 0 = 4*r - 4*n - 44556, 4*n + 35341 = 5*r - 20354. What are the prime factors of r?
3, 47, 79
Let o(c) = c**3 - 24*c**2 - 14*c - 101. Suppose 393 - 653 = -10*x. List the prime factors of o(x).
887
Let q = -82 - -84. Let l be -6*q/(-8)*2. Suppose -26 - 10 = -l*i. List the prime factors of i.
2, 3
Let p = 4 - -5. Let r = 34 - 3. Let i = p + r. What are the prime factors of i?
2, 5
Suppose -5*d + 6 + 19 = 0. Suppose 0 = -f + d*f - 140. Let b = 67 - f. List the prime factors of b.
2
Let q(p) = p**3 + 5*p**2 + 9*p + 19. Let s be q(-3). Suppose s*a + 1673 = 17*a. List the prime factors of a.
239
Let m = 16505 - 10277. List the prime factors of m.
2, 3, 173
Let o be 1/(-4) - 4/((-48)/27). Let s be -2 + 0*3/12 + o. Suppose -1 - 4 = -t, u + 5*t - 138 = s. List the prime factors of u.
113
Suppose -4*y = -4*c + 70056, 11*c + 122592 = 18*c - 4*y. List the prime factors of c.
2, 11, 199
Let f(t) = -t**3 + 2*t**2 + 15*t - 23. Let r be f(4). Suppose -4*s = r*z - 5070, 94*z - 90*z - 2538 = -2*s. What are the prime factors of s?
5, 11, 23
Suppose -4*o + 30*i = 29*i - 216070, 0 = -i - 2. What are the prime factors of o?
19, 2843
List the prime factors of 37382856/1624 - (2 + 1 + -1).
23017
Suppose -176*l + 2367930 = -242326. What are the prime factors of l?
14831
Let n = -55579 + 84710. List the prime factors of n.
29131
Let o be -4 - -3 - 1 - -124. Let k = 189 - o. What are the prime factors of k?
67
Suppose c = 5*k + 16 - 20, -4*k + 8 = 0. List the prime factors of (42/c - 8) + 1278.
1277
Suppose -38 + 6 = -8*b. Suppose 136 = -b*c + 24. Let g = c - -90. List the prime factors of g.
2, 31
Suppose -4 = 12*l + 8. What are the prime factors of (-137)/l - 0/20?
137
Suppose 3*w = -4*b + 7066, 0 = 5*b - 13*w + 8*w - 8850. Let c = -501 + b. List the prime factors of c.
7, 181
Suppose 3*x + 2052 = 4*s, 12*x - 7*x + s + 3420 = 0. Let p = 1072 + x. List the prime factors of p.
2, 97
Suppose 0 = -24*v + 253381 + 369251. What are the prime factors of v?
25943
Let w be ((-1 + 3)/(9/(-18)))/1. Let o(j) = 2*j + 5*j**2 - 13 + 3 - 2 + 11*j**2. List the prime factors of o(w).
2, 59
Let i = -51 - -58. Suppose -4*y = -i*y + 903. Suppose 2*g - 5*n = y, -2*g - 5*n = -2*n - 277. What are the prime factors of g?
11, 13
Let z(m) = 2977*m**2 + 1546*m + 6. List the prime factors of z(4).
2, 17, 1583
Suppose v - 465 = 3*q + 116, -2*q = -5*v + 2892. Suppose 0 = -x + v - 66. List the prime factors of x.
2
Let s = -11637 - -16159. What are the prime factors of s?
2, 7, 17, 19
Let b(w) = 298*w + 2931. List the prime factors of b(43).
5, 47, 67
Suppose -5*a + 32 = -v + 25, 3*v + a - 43 = 0. Suppose 49704 = 44*y + v*y. What are the prime factors of y?
2, 109
Let c = -2389 - -2295. Let j = 200 - 89. Let m = j - c. What are the prime factors of m?
5, 41
Sup